 2*k + 2772, 6*k = u*k. List the prime factors of c.
2, 3, 7, 11
List the prime factors of 275162/14 - 8/(-14).
5, 3931
Suppose -u = 2*j - 8, u = 2*u + 5*j - 14. Suppose -6*i + 1485 = -4*i + d, -d + 2969 = u*i. What are the prime factors of i?
2, 7, 53
Suppose -13*w + 3*w + 20 = 0. Let b be -2 - w*(-172)/(-8)*-3. Suppose y = b + 28. What are the prime factors of y?
5, 31
Suppose 0 = -4*d - 2569 - 255. Let c = -419 - d. List the prime factors of c.
7, 41
Let g(y) = -y**3 + 10*y**2 + 3*y - 28. Let n be g(10). Suppose 331 = -n*w + 1209. What are the prime factors of w?
439
Suppose -3*h = 2*n - 56, -9 = -3*h + 2*n + 43. Suppose 12507 = -h*y + 31119. What are the prime factors of y?
2, 11, 47
Let q = 139 + -93. Let p = -25 + q. What are the prime factors of -1 + 405/p + 28/(-98)?
2, 3
Let k(z) = -2*z**2 + 50 + 10 - 10*z**2 + 1256*z - 1245*z + z**2 + z**3. What are the prime factors of k(13)?
541
Suppose 0 = 72*n + 42390 - 263970 - 297972. What are the prime factors of n?
2, 11, 41
Suppose 34 = -2*c + 2*a, c - 3*a + 25 = -0*c. Let n(r) = -3*r**2 + 5*r**2 - r**2 - 16 + 7*r. What are the prime factors of n(c)?
2, 31
Let o(l) = -2*l**2 + 8*l + 27. Let q be o(-11). Let r = q + 568. What are the prime factors of r?
5, 53
Let b(a) = 2644*a**2 - 39*a + 79. List the prime factors of b(2).
7, 1511
Suppose 5021 + 595 = 6*r. Suppose 0 = 19*u + r - 7852. List the prime factors of u.
2, 7, 13
Let f = -30 - -38. Suppose -f*w + 176 = -4*w. Let i = 137 - w. What are the prime factors of i?
3, 31
List the prime factors of (-4488)/(((-36)/(-24))/(-1)).
2, 11, 17
Let a = 2502 + -247. Suppose -f = -4*p + 3010, -3*p - 16*f = -18*f - a. What are the prime factors of p?
3, 251
Let d(o) = 41*o - 448. Suppose 35*g - 635 = 870. What are the prime factors of d(g)?
5, 263
Suppose -2 = -3*y + 4*z + 18, 3*z + 2 = -y. Suppose -4*s + 604 = 4*q, 2*q - y*s = -s + 312. Suppose 453 = 6*p - q. List the prime factors of p.
101
Let u = 15 + -15. Suppose u = -z + 7*z - 42. Suppose -z*l + 100 + 243 = 0. What are the prime factors of l?
7
Let n = 405 + -182. Suppose 216*o + 210 = n*o. List the prime factors of o.
2, 3, 5
Let p = -3 + 5. Let h = -214 - -390. Suppose -p*f + 295 = 6*o - o, -3*o = f - h. What are the prime factors of o?
3, 19
Let l(d) = 7*d**3 + 1. Let j be l(1). Let s(w) = w**2 + 9*w - 35. Let k be s(j). Let q = -62 + k. List the prime factors of q.
3, 13
Let u(o) = 3*o**2 - 175*o + 583. What are the prime factors of u(-62)?
3, 5, 1531
Suppose 5*f + 2 = 17. Let g be f/4 - 249/12. List the prime factors of (2*(-177)/(-24))/((-5)/g).
59
Let y(c) = 30*c + 10. Let o be y(-6). Let q = -274 - o. Let a = q + 128. List the prime factors of a.
2, 3
Suppose -64776 = -4*g + 4*k, -4*g - 41*k + 64784 = -37*k. List the prime factors of g.
5, 41, 79
Let g(b) = -259*b - 1. Let l be (-4)/(-22) - (15552/44)/8. Let z = 43 + l. List the prime factors of g(z).
2, 3, 43
What are the prime factors of 1 - (-9)/(-7) - (20387484/(-182))/39?
2, 359
Let v(r) be the third derivative of r**5/15 - r**4/24 - 73*r**3/6 + 7*r**2 + r. List the prime factors of v(8).
5, 7
Let m be 4330/90 + 5/(-45). Let t = m - -873. List the prime factors of t.
3, 307
Suppose 0 = 165*a - 240*a + 144225. What are the prime factors of a?
3, 641
Let c(n) = 279*n**3 - 6*n**2 + 39*n - 7. List the prime factors of c(4).
17909
Let h = -8786 - -18388. List the prime factors of h.
2, 4801
Let w be -2*(4 + -3) - 5/(-1). Suppose 6*x - w*u = 3*x + 261, -x - 2*u + 93 = 0. List the prime factors of x.
89
Let a(v) = v**2 - 5*v + 3. Let g be a(4). Let h be g/2*(14/2 + -9). What are the prime factors of (-18)/(-90) - h/((-10)/838)?
2, 3, 7
Let j = 129578 + -68624. List the prime factors of j.
2, 3, 10159
List the prime factors of ((-72)/168)/((-3)/77) - -11839.
2, 3, 5, 79
Suppose 6*v + 26739 = 3*z + 3*v, 0 = -5*z + 3*v + 44557. What are the prime factors of z?
59, 151
Let z(h) be the first derivative of h**4/4 - 19*h**3/3 - 19*h**2 + 3*h - 120. What are the prime factors of z(22)?
619
Let x(d) = -453*d**3 + 5*d**2 + 33*d + 7. What are the prime factors of x(-5)?
2, 3, 131
Suppose -7 + 12 = -c - 2*a, 0 = -3*c + 3*a + 21. Suppose l - c*r + 5*r = 666, l = 4*r + 690. List the prime factors of l.
2, 337
Let h = -627 - -1428. Suppose 6*t - 513 - h = 0. List the prime factors of t.
3, 73
Let j(t) = -t**3 + 11*t**2 - 5*t - 24. Let n be j(7). Let w = 339 + -107. Let b = w - n. What are the prime factors of b?
5, 19
Suppose 4*o + 4020 = 4*u, 4*o + u + 3829 = -191. Let s = 1731 + o. What are the prime factors of s?
2, 3, 11
Suppose 0 = 5*b + 4*b - 6408. Suppose -3*x = -4*n - 783, -3*x + 95 = 4*n - b. What are the prime factors of x?
5, 53
Let p be 20*((-41)/(-5) + -4). Let x = 132 - p. List the prime factors of x.
2, 3
Let s(a) = -3*a**2 + 21*a - 1. Let g be s(7). What are the prime factors of -5 + g/(-1) - -10?
2, 3
Let x = 9734 + -6565. Suppose 2106 = 2*h + 4*k, 4*k = 2*h - 5*h + x. What are the prime factors of h?
1063
Let y be ((-12)/10)/((-2)/20). Suppose y = 3*c, -4*n - 2*c = 2*c - 40. Suppose -n*s + 840 = 2*s. List the prime factors of s.
3, 5, 7
Suppose -3*x + 3999 = 3*m + 1407, 5*m - 2*x - 4285 = 0. Let k = -491 + m. Suppose 3*c + k = 5*c. What are the prime factors of c?
2, 23
Suppose 12 = -2*q + 5*y, -3*q + 5*y = -5*q + 28. Suppose c = -3*p + 479, -q*p + 8*p + 3*c = 632. List the prime factors of p.
7, 23
Let x(i) = -i**3 + 7*i**2 - 4*i - 17. Let l be x(6). List the prime factors of l/(-15) - (-1390)/6.
2, 29
Let x(g) = g**3 - 2*g**2 + 4*g - 4. Let o be x(0). Let m(b) = -19*b**3 + 4*b**2 + 26*b + 12. List the prime factors of m(o).
2, 3, 11
Let k be (2/4)/((-2)/(-32)). Suppose -b + 4 = -5*w - 16, -3*w = -3*b + 24. List the prime factors of k + 130 + 0 + w.
3, 5
Suppose -2*k = -s + 34984, -4*s + 117726 = k - 22192. List the prime factors of s.
2, 3, 5, 11, 53
Suppose 2*s + 2*s = -4*t + 2880, -5*s - 3*t = -3596. Suppose -3*a + 696 + 343 = 5*v, 2*a = 3*v + s. List the prime factors of a.
353
Let p(i) = 117*i + 39. Suppose n - 43 = -34. What are the prime factors of p(n)?
2, 3, 7, 13
Let j(x) be the first derivative of -5 - 1/2*x**4 - 15/2*x**2 - 5*x - 4/3*x**3. List the prime factors of j(-4).
7, 17
Suppose -w + 2*a = -15, -11 = 4*w + 2*a - 41. Let i = 21 + -17. Suppose -i*b + w*b = 155. List the prime factors of b.
31
Let k(q) be the second derivative of 5*q**4/12 + q**3/3 - 7*q**2/2 + 24*q. List the prime factors of k(-4).
5, 13
Let t be (1044/15)/(1144/560 - 2). Let l = t - 276. List the prime factors of l.
2, 337
Let x(b) = -125*b**3 - 3*b**2 - 2*b - 4. Let v be x(-2). Suppose 3*q + l - v = 0, -2*q + 8*l = 5*l - 655. What are the prime factors of q?
7, 47
Let y be (2/(-4))/((-6)/(-540)*-5). What are the prime factors of (-210)/(-28)*42/y?
5, 7
Let y(i) = -7*i**2 - 17*i - 9. Let h be y(-9). Let z = -278 - h. List the prime factors of z.
5, 29
Let c = 88721 + -52152. List the prime factors of c.
13, 29, 97
Suppose -7*m + 67 - 18 = 0. Suppose -10*v = -m*v + 384. List the prime factors of (v/10)/(4/(-10)).
2
List the prime factors of -12*2/16 + (-20487)/(-6).
3413
Let m be 4/(-18) + (-364)/(-18). Suppose 5*u - 5*l - m = -3*l, -3*l = 3*u + 9. Suppose 100 = u*x - 2*q, -4*x - 3*q + 92 + 87 = 0. List the prime factors of x.
47
Let p(o) = -o**3 + 6*o**2 + 57*o - 562. What are the prime factors of p(-33)?
2, 10007
Suppose 97*z - 184473 = 88*z. What are the prime factors of z?
103, 199
Let b(o) = -o**3 - 7*o**2 + 34*o + 21. Let j be b(-11). Suppose -j*a + 135*a = 1172. What are the prime factors of a?
293
Suppose 0 = 5*a + 2*w + 12975 - 48827, 28678 = 4*a + 2*w. What are the prime factors of a?
2, 17, 211
Let n(f) = -193*f + 5020. What are the prime factors of n(-22)?
2, 41, 113
Let p = -493 + 467. What are the prime factors of 13/p + (-2425)/(-2)?
2, 3, 101
Let n(o) = -61*o**3 - 2*o**2 - o + 1. Let i(d) = 5*d. Let y be i(-4). Let h = -21 - y. List the prime factors of n(h).
61
Suppose -8209 = 5*q - 8*q + o, -5*o + 5450 = 2*q. List the prime factors of q.
5, 547
Let p(i) = -30*i + 368. Let q be p(9). Let g = q + 442. List the prime factors of g.
2, 3, 5
Let l(k) = k**2 + 56*k - 3*k**2 - 55*k + 248 + 0*k**2. What are the prime factors of l(0)?
2, 31
Suppose -o + 1681 = 2*a, -164*a + 159*a - 4*o = -4201. List the prime factors of a.
29
Let h be (-6)/